= 3*s + 8. Suppose 0 = -3*c + 5*g + 18, 3*c - 3*g - 18 = -6*g. What is the remainder when r(c) is divided by 14?
12
Suppose 3*m - 17 = w - 3, -5*w = -3*m + 22. Calculate the remainder when 6 is divided by m.
2
Suppose 3*t = -2*t. What is the remainder when 34 is divided by (t - 18)*8/(-12)?
10
Let c(a) = a**2 + 2 + a + 4*a**2 - 3*a - a**3. Let x = 8 - 4. Calculate the remainder when c(x) is divided by 6.
4
Let p be 11/(-4) + (-6)/(-8). What is the remainder when 5 is divided by (-3)/(p - 2/(-4))?
1
Let d = 28 + -43. Let i = -7 - d. What is the remainder when i is divided by 5?
3
Let s = 2 + -2. Let p = 2 + s. Suppose p*q + 0 = 22. Calculate the remainder when 20 is divided by q.
9
Let w(z) = -z**3 + 5*z**2 + 5*z + 14. What is the remainder when 14 is divided by w(6)?
6
What is the remainder when 75 is divided by 93/6 - 4/(-8)?
11
Let l(y) = -13*y + 3. Calculate the remainder when 171 is divided by l(-2).
26
Let b = -22 + 25. Suppose 3*n = -5*q + 18, 0 = b*q - 2*q - 3*n. Suppose -w - 2 + 6 = 0. What is the remainder when w is divided by q?
1
Suppose -43 = -2*w - 19. Calculate the remainder when 33 is divided by w.
9
Let w(h) = h**2 - 5*h + 2. Let s be w(4). Let m = -38 - -40. What is the remainder when 51*s/(-12)*m is divided by 6?
5
Suppose -4 = -4*l + j - 5*j, -3*l = j + 5. Calculate the remainder when 3 - (0 - l) - -3 is divided by ((-3)/2*-2)/1.
0
Let r = -83 - -197. Calculate the remainder when r is divided by 23.
22
Suppose -127 - 76 = -7*v. What is the remainder when 86 is divided by v?
28
Let l(h) = -1 - h - 4 + 22 - h. Suppose -3*j + 98 + 49 = 0. What is the remainder when j is divided by l(0)?
15
Suppose 2*n - 40 = 272. Let a = n + -54. Suppose 0 = -3*t - 0*t + a. Calculate the remainder when t is divided by 12.
10
Suppose -3*t - 129 = -4*m + 33, 4*t - 8 = 0. Calculate the remainder when m is divided by 12.
6
Calculate the remainder when 35 is divided by ((-3)/9 - -1)*27.
17
Suppose -h - 3 + 5 = 0. What is the remainder when 9 is divided by h?
1
Suppose -v - 5*c + 4 = -1, -5*c = 5*v - 25. Calculate the remainder when 5 is divided by v.
0
Suppose 0 = 3*g + 3*f - 90, -84 = -3*g - 4*f + 10. What is the remainder when g is divided by 12?
2
Suppose -6*q + 16 = -2*q. Suppose -q*c = -4, f - 70 = 4*c - 22. What is the remainder when f is divided by 18?
16
Let n(z) = 2*z - 13. Let w(t) = -t + 20. Let d be w(11). What is the remainder when 13 is divided by n(d)?
3
Let f(q) = -5*q**2 + 11*q + 8. Let n be f(8). What is the remainder when 65 is divided by (-20)/50 - n/10?
21
Let h = -3 - -11. What is the remainder when 20 is divided by h?
4
Let o = -1 + 10. Let z be (15 - 1)*(-3 + 4). Suppose -z = -t + 12. What is the remainder when t is divided by o?
8
Suppose -v - 5*j = -16, 18 = 2*v - 4*j - 0*j. What is the remainder when 107 is divided by v?
8
Suppose 5*z + f = 73, 0 = -4*z - 3*f - f + 52. Calculate the remainder when 11/(3 - 42/z) is divided by 19.
17
Let c(k) = -55 + 19 - 3*k + 2*k - 30. Let b be c(0). Calculate the remainder when 85 is divided by b/9*-3*1.
19
Suppose 19 - 175 = -4*x. Calculate the remainder when x is divided by 20.
19
Suppose i - 5*r - 2 = -2*i, 2*i = 5*r - 2. Suppose 73 = 4*l + 5*u, -l + 2*l = 4*u + 34. Calculate the remainder when l is divided by 3/(-6)*i - -14.
10
Suppose 3*p + 0 = 6. Calculate the remainder when ((-4)/(-6))/((-2)/(-15)) is divided by 1 + (2 - 2) + p.
2
Suppose 4*j = -o, 0 = -4*o - 9*j + 4*j - 11. Suppose 0 = -5*w + 3 + 152. What is the remainder when w is divided by o/6 - 78/(-9)?
7
Let l = -21 - -35. Let w(y) = -y**3 - 11*y**2 - 3*y + 7. What is the remainder when w(-11) is divided by l?
12
Let r be (-2)/(((-1)/2)/1). Suppose c + r*c = 15. Suppose -8*v + 3*v - 3*i + 58 = 0, -4*i + 26 = c*v. What is the remainder when v is divided by 5?
4
Let y(h) = -h**3 + 14*h**2 + 15*h + 5. Suppose 2*b = -4*r + 58, -3*b + 57 = -2*r + 6*r. Calculate the remainder when 18 is divided by y(r).
3
Let r be (-2)/(-16)*26*-4. Let g = -5 - r. Calculate the remainder when 31 is divided by g.
7
Suppose q + 11 = -0*c - 2*c, q + c + 11 = 0. Let x = q - -19. Let r(d) = 2*d**2 + 9*d + 4. Calculate the remainder when r(-6) is divided by x.
6
Suppose -3*x + 39 = -0*x. Suppose 8*c - x*c = -15. What is the remainder when 10 is divided by c?
1
Suppose -7*x + 81 = -4*x. Suppose -x = -2*o + 13. Suppose 4 = 3*d - 29. Calculate the remainder when o is divided by d.
9
Let x(h) = 10*h - 4. Let w(o) = -2*o - 10. Calculate the remainder when x(5) is divided by w(-11).
10
Suppose 16 = 2*c - 68. What is the remainder when 54 is divided by (-12)/9*c/(-4)?
12
Let j(d) = d**2 - 15*d + 37. Let s(i) = 2*i**2 - 6*i - 5. Calculate the remainder when s(6) is divided by j(13).
9
Let n = -33 - -135. Calculate the remainder when n is divided by 26.
24
Calculate the remainder when (-6)/(-4) + 141/6 is divided by 14.
11
Let a(b) = -b + 7. Let s be a(5). Suppose -10 = h - s*h. What is the remainder when 19 is divided by h?
9
Let q = 24 + -10. Calculate the remainder when q is divided by 8.
6
Let s = -63 - -103. Suppose -48 = -4*z + z + 5*n, 3*z - 51 = 4*n. What is the remainder when s is divided by z?
19
Let u = 31 + 184. Suppose -5*q + u = -0*q. What is the remainder when q is divided by 15?
13
Let w(v) = -7*v + 2*v**2 + 3*v + 6*v**2 - 3 - 6*v**2. Calculate the remainder when w(5) is divided by 14.
13
Let o = 16 + -16. Calculate the remainder when 29 is divided by o + 1 + -2 - -9.
5
Let n be 2 + (-6)/(-3) + 8. Suppose 5*q - 33 = -3*p + p, n = 3*p. What is the remainder when 14 is divided by q?
4
Let d = 3 + -1. What is the remainder when 0 + 9 + -3 + d is divided by 3?
2
Suppose -5*h = p + 6 - 22, -4 = h. Suppose 2*w + 8 + 32 = 5*n, 2*n + 5*w - 45 = 0. Calculate the remainder when p is divided by n.
6
Suppose -3*d = l - 29, -49 - 28 = -3*l - 4*d. Calculate the remainder when l is divided by 12.
11
Let t = 53 + -31. What is the remainder when t is divided by 8?
6
Let w(j) = 8*j + 1. Suppose 6*s - 198 = 3*s. What is the remainder when s is divided by w(2)?
15
Suppose 4*w - 15 = 5*q, -w - 4*q = w - 14. Suppose -w*s = -0*s. Calculate the remainder when 17 is divided by (-2 + s)/((-2)/6).
5
What is the remainder when -1 + 6 + -4 - -22 is divided by 6?
5
Let m(l) = l**3 + 8*l**2 + 4*l + 4. What is the remainder when m(-4) is divided by 28?
24
Let x = -123 - -167. What is the remainder when x is divided by 17?
10
Let b = -7 + 7. Let n(y) = b + 3*y - 4 + 4. Calculate the remainder when 46 is divided by n(4).
10
Let y = 5 - 5. Suppose 0 = 5*u + 5 - 30. Suppose u*v - v - 200 = y. What is the remainder when v is divided by 17?
16
Let n(h) = -h**3 + 30*h**2 + 32*h + 38. Calculate the remainder when n(31) is divided by 12.
9
Suppose -70 = -s - 42. Calculate the remainder when 49 is divided by s.
21
Let j(g) = 2*g**3 + 2*g**2 - 3*g + 3. What is the remainder when (-60)/(14/(-4) - -2) is divided by j(2)?
19
Let s(o) = 23*o**3 - o. What is the remainder when 62 is divided by s(1)?
18
Let s be (-1 - (-8 - -3))*1. Suppose -z + s*z - 33 = 0. What is the remainder when 42 is divided by z?
9
Let x(z) = -z**3 + 12*z**2 + 13*z + 6. Calculate the remainder when 21 is divided by x(13).
3
Suppose 5*y - 3*h - 39 = 0, 3*h - 2*h + 33 = 5*y. What is the remainder when 11 is divided by y?
5
Let p(z) = -5*z + 10. Let w be p(7). Let f = w - -41. What is the remainder when 61 is divided by f?
13
Calculate the remainder when 42 is divided by (35/(-70))/(27/(-26) + 1).
3
Let k be (-2)/(-6) + 226/6. Suppose -14 + k = h. What is the remainder when h is divided by 13?
11
Suppose 5*v = 5*q, 5*q + 2*v + 13 - 34 = 0. Suppose q - 11 = 4*d, 4*j = 3*d + 2. Let n = 3 + j. What is the remainder when 3 is divided by n?
1
Let u(d) = 10*d - 19. Calculate the remainder when u(9) is divided by 18.
17
Let w(o) = -o**2 - 9*o - 6. Suppose 5*v = 2*p - 36, 3*v + 5*p + 9 = -v. Let l be w(v). Suppose 4*m - l = 4. What is the remainder when m is divided by 3?
1
Let r(l) = -4*l - 7. Calculate the remainder when 48 is divided by r(-6).
14
Suppose 0 = 3*z + 5*n - 43, 5*z - n - n - 113 = 0. Calculate the remainder when z is divided by (64/(-48))/(8/9 - 1).
9
Suppose -2*o = -10 - 24. What is the remainder when -98*((-6)/(-4) - 2) is divided by o?
15
Suppose 9*u = 4*u - 20. Let h be (0 + -5)/(4/u). Suppose 6*f - h = 5*